by 3/((-9)/(-10))*c/(-150).
5
Let a(q) = -4*q + 74. Let u be a(18). Calculate the remainder when 51 is divided by 4/(-8)*u + 10.
6
Suppose 11493*f = 11484*f + 14805. Calculate the remainder when f is divided by 111.
91
Suppose -11*p + 231 + 33 = 0. Calculate the remainder when 1076 is divided by p.
20
Let z = -683 - -686. Let c(n) = 35*n + 27. Calculate the remainder when c(z) is divided by 14.
6
Let x(d) = 2*d**2 + 418*d - 3921. Let u be (-1)/(-3) - 77/(-3). Let v = 39 - u. Calculate the remainder when v is divided by x(-218).
1
Let j(w) = -2*w**3 - 2*w**2 + w - 2. Let u be (19 - 12) + -2 + -17 + 0. What is the remainder when u/(-60) - 454/(-5) is divided by j(-3)?
29
Suppose -19*g + 36*g - 13946 = 21635. What is the remainder when g is divided by 95?
3
Suppose 4*y = -44*p + 42*p + 638, -4*y = -3*p + 1047. What is the remainder when 1069 is divided by p?
58
Let t be (-1438 - -1)/(5 - 8) - -2. Let s = t - 462. Let n(u) = 6*u**2. What is the remainder when n(-3) is divided by s?
16
What is the remainder when 363 is divided by (-16)/(-6)*(605/440)/(2/12)?
11
Let i = 52 - 14. Let j = i + -8. What is the remainder when 51 is divided by j - (-4 + 2 - -5)?
24
Let y = 218 + -162. Calculate the remainder when y/70*(-1 + 11) is divided by 6.
2
Let z(w) = -110*w - 214. Suppose -2*u = -27 + 9. What is the remainder when u is divided by z(-2)?
3
Let j(x) = x**3 - 10*x**2 + 8*x + 11. Let q(o) = -o**3 + 7*o**2 - 2*o - 3. Calculate the remainder when j(10) is divided by q(6).
7
Let d = -37 - -37. Suppose d = -4*j - t + 237, 6*j - j + t - 296 = 0. Suppose -5*i + j = -101. What is the remainder when 60 is divided by i?
28
Suppose -v + 1 = 0, 4*k - 4*v - 110 = 90. Suppose 54 - 186 = -4*m. Let j = m + -22. Calculate the remainder when k is divided by j.
7
Let r = -221 - -547. Let y(f) = 329*f**2 - 3 - r*f**2 + 11*f + 2*f. Calculate the remainder when y(5) is divided by 14.
11
Suppose -3*p + 3*t = 8*t - 1309, -5*p + 3*t = -2125. Let y = p - 199. Calculate the remainder when y is divided by 33.
31
Suppose 42*q - 43*q = -13. Let x = q - -51. Suppose 5*c = v + 109, 3*c = 5*v + 32 + 29. Calculate the remainder when x is divided by c.
20
Let h(x) = 3*x**3 - 148*x**2 - 101*x + 432. Calculate the remainder when h(50) is divided by 265.
117
Let o = 57 - 27. Suppose -5*f + 65 = 2*q, f - 16 = -7*q + 30. What is the remainder when o is divided by f?
8
Let c(u) = 41*u - 108. Let g be c(6). Let w = g - 126. What is the remainder when 41 is divided by w?
5
Suppose -20*c = 3*f - 26*c - 72, -5*c + 57 = 4*f. Let w = 19 - -11. What is the remainder when w is divided by f?
12
Calculate the remainder when 1074 is divided by (6/4)/((-126)/(-24108)).
213
Suppose 0 = 3*n + r - 89, 35*n = 40*n + 2*r - 149. Calculate the remainder when 3160 is divided by n.
28
Let w = -437 - -448. Suppose -36 - 140 = -w*r. Suppose -2*l = -s - 67, -s + 80 - 240 = -5*l. What is the remainder when l is divided by r?
15
Let y = 217 + 3. Let u = -23963 + 24000. What is the remainder when y is divided by u?
35
Let c be ((-7)/14)/(5/(-680)*-4). Suppose -3*k + 48 = -0*k. What is the remainder when (-18 - c) + 77*1 is divided by k?
12
Suppose 0 = c + 2*q - 26, 5*c + 0*q - 4*q = 158. Let s = -33 + c. Let u = s - -15. What is the remainder when 36 is divided by u?
0
Let r(b) = -2*b**3 - 11*b**2 - 37*b - 180. Calculate the remainder when r(-12) is divided by 105.
36
Let m(d) = -3*d**3 - 9*d**2 - 22*d - 21. Let o be m(-8). Suppose 13*j = 8*j + o. What is the remainder when j is divided by 15?
13
Suppose -3*d = -n - 0 - 11, n + d - 9 = 0. Let z = -450 - -570. What is the remainder when ((-75)/(-20))/(75/z) is divided by n?
2
What is the remainder when 577 is divided by ((-7)/(-3) + 2)/(-3 + (-2478)/(-819))?
70
Let u be 12/(-9) + (-65)/(-15). Calculate the remainder when 26 is divided by u + 15/10*2.
2
What is the remainder when ((-6566)/343)/((-6)/21) is divided by 6?
1
Let f(b) = -b + 17. Let n be f(17). Suppose 24*m - 19*m - 25 = n. Calculate the remainder when 26 is divided by 19/2 + 5/(5 + m).
6
Let y(t) = -t**3 - 9*t**2 + 2*t + 17. Let u be y(-11). Let n = -220 + u. Calculate the remainder when 235 is divided by n.
14
Calculate the remainder when 248 is divided by 3/30 - ((-2094)/60 + 1).
10
Suppose v - 6 = -1. Let u(y) = -7*y - 7. Let h be u(v). Let g = h - -63. Calculate the remainder when 62 is divided by g.
20
Suppose 0 = -9*p - 3*p + 24. Suppose -7*x + y - 118 = -12*x, 58 = p*x + 4*y. Calculate the remainder when x is divided by 6.
5
Let f be 87 + 8 - 10*2/(-4). Let x be 190*((-1)/2)/1. Let j = x + f. Calculate the remainder when 38 is divided by j.
3
Suppose -70*l + 34*l - 85261 = -289*l. Calculate the remainder when 691 is divided by l.
17
Suppose 8*v = -15*v + 4*v + 53884. What is the remainder when v is divided by 113?
11
Suppose 324 = 4*v + 5*o, 453 - 7 = 5*v - 4*o. Let p = 70830 + -70663. What is the remainder when p is divided by v?
81
Let g be (-8 - -1)*12/(-42)*-3. Let l(p) = 18*p**3 + 2*p - 1. What is the remainder when -5 + (g - (-420)/7) is divided by l(1)?
11
Suppose 2*b - 5*b = 3*r - 279, 4*b - 362 = -2*r. What is the remainder when 158 is divided by b?
70
Let c = 797 + -794. Let k be -3 - (-1)/(1/2). What is the remainder when 144 is divided by 1*(33 + (k - c))?
28
Let x(p) = -2*p**2 + 2*p + 406. Calculate the remainder when 962 is divided by x(14).
38
Let w(v) = 23*v - 289. Let s(o) = 14*o + 14. Let r be s(0). What is the remainder when w(r) is divided by 22?
11
Let c(a) = 31*a - 336. Let p(x) = x**3 + 50*x**2 - 50*x + 63. Let n be p(-51). What is the remainder when c(n) is divided by 27?
9
Suppose 104 = 6*p - 7*p + 2*p. Let b = 106 - 62. Suppose -p = -4*y + b. What is the remainder when y is divided by 20?
17
Suppose r = -4*u - 85, 5*u - 84 - 21 = 2*r. Let f = r + 123. Calculate the remainder when 209 is divided by f.
35
Let d = -151 + 162. What is the remainder when 245 is divided by -156*(-70)/330 + (-1)/d?
14
Let j(o) = 2661*o + 12. Let f be j(-2). Let k be f/12 - 3/2. Calculate the remainder when 109 is divided by k/(-8)*((-16)/(-6))/4.
35
Let n = -19 - -36. Let g = -644 - -648. Suppose -165 = -6*t + g*t + o, 0 = -5*o - 5. What is the remainder when t is divided by n?
14
Suppose 170*o - 4*d = 165*o + 313, 292 = 5*o - d. Calculate the remainder when 1548 is divided by o.
9
Let n = -223 + -20. Let i = n + 267. Calculate the remainder when 92 is divided by i.
20
Suppose -105*n = 33*n - 286626. Calculate the remainder when n is divided by 33.
31
Suppose -33 = -i - 2*i. Let y = 144 - 141. Suppose y*j = -a + 5 + 32, 3*a + 5*j - 127 = 0. What is the remainder when a is divided by i?
5
Suppose -32*c - 21 = -31*c. Let r be 98/c*9/(-6). Suppose 183 = r*o - 279. Calculate the remainder when o is divided by 18.
12
Let d(l) = l + 36. What is the remainder when 740 is divided by d(-9)?
11
Suppose 2*l = -4*k + 6, -5*l - 19 = -5*k + 41. Let c(r) = -r**2 - 10*r - 2. Let h = 406 + -373. Calculate the remainder when h is divided by c(l).
14
Let i(h) = -177*h - 93. What is the remainder when 1324 is divided by i(-3)?
10
Let z = -58 - -63. What is the remainder when 1/z - 334/(-5) is divided by 36?
31
Let f = 12430 - 12290. Calculate the remainder when 694 is divided by f.
134
Let y(b) be the first derivative of 14*b**3/3 - b**2 - b + 1. Suppose 330 + 224 = 24*x - 406. What is the remainder when x is divided by y(-1)?
10
Let p = -91 - -82. Let w be p + 5/(-5)*-1. Calculate the remainder when (-746)/w + -1 + (-12)/(-16) is divided by 12.
9
Let w = 5358 + -5141. Calculate the remainder when w is divided by 126.
91
Suppose 14235 - 9250 = -59*h + 63100. Calculate the remainder when h is divided by 30.
25
Suppose -4 = 3*i - 5*i. Suppose -2*g + 6 = -2*v, -3*v + i*g + 1 = g. Suppose 4*d - 5*z - 58 = -12, 4 = v*z. What is the remainder when 38 is divided by d?
10
Suppose 3*b - b = 5*y - 109, 2*y = -3*b + 55. Suppose y*v - 26*v + 12 = 0. Suppose s - 85 = -v*s. Calculate the remainder when s is divided by 10.
7
Let j = 13538 + -13448. Let g(l) = -l**2 - 3*l - 3. Let x be g(-3). Let m(u) = -2*u**3 - 3*u**2 + u - 1. What is the remainder when j is divided by m(x)?
21
Let g be (920/60)/(1/(-3)). Let z = g - -64. Suppose j = 13 + 18. Calculate the remainder when j is divided by z.
13
Suppose 17*t - 16*t + 1 = 0, 5*t 